{"id":364,"date":"2026-04-10T14:48:54","date_gmt":"2026-04-10T14:48:54","guid":{"rendered":"https:\/\/winwinbet.games\/argentina\/?page_id=364"},"modified":"2026-05-08T20:38:29","modified_gmt":"2026-05-08T20:38:29","slug":"promo-code","status":"publish","type":"page","link":"http:\/\/winwinbet.games\/argentina\/promo-code\/","title":{"rendered":"C\u00f3digo promocional"},"content":{"rendered":"","protected":false},"excerpt":{"rendered":"","protected":false},"author":1,"featured_media":0,"parent":0,"menu_order":0,"comment_status":"closed","ping_status":"closed","template":"","meta":{"footnotes":""},"class_list":["post-364","page","type-page","status-publish","hentry"],"yoast_head":"<!-- This site is optimized with the Yoast SEO plugin v26.6 - https:\/\/yoast.com\/wordpress\/plugins\/seo\/ -->\n<title>C\u00f3digos promocionales de WinWin Bet 2026 \u2014 Activar bonificaciones y promociones<\/title>\n<meta name=\"description\" content=\"Canjea los c\u00f3digos promocionales de WinWin Bet Argentina: bonos exclusivos, bonificaciones por dep\u00f3sito, reembolsos por p\u00e9rdidas y regalos para jugadores seleccionados. Una estrategia ganadora a largo plazo para las tragamonedas y el casino en vivo. \u00a1Aprovecha tus ofertas ahora para disfrutar de una experiencia de juego rentable!\" \/>\n<meta name=\"robots\" content=\"index, follow, max-snippet:-1, max-image-preview:large, max-video-preview:-1\" \/>\n<meta property=\"og:locale\" content=\"es_ES\" \/>\n<meta property=\"og:type\" content=\"article\" \/>\n<meta property=\"og:title\" content=\"C\u00f3digos promocionales de WinWin Bet 2026 \u2014 Activar bonificaciones y promociones\" \/>\n<meta property=\"og:description\" content=\"Canjea los c\u00f3digos promocionales de WinWin Bet Argentina: bonos exclusivos, bonificaciones por dep\u00f3sito, reembolsos por p\u00e9rdidas y regalos para jugadores seleccionados. Una estrategia ganadora a largo plazo para las tragamonedas y el casino en vivo. \u00a1Aprovecha tus ofertas ahora para disfrutar de una experiencia de juego rentable!\" \/>\n<meta property=\"og:url\" content=\"http:\/\/winwinbet.games\/argentina\/promo-code\/\" \/>\n<meta property=\"og:site_name\" content=\"Winwinbet Games AR\" \/>\n<meta property=\"article:modified_time\" content=\"2026-05-08T20:38:29+00:00\" \/>\n<meta name=\"twitter:card\" content=\"summary_large_image\" \/>\n<script type=\"application\/ld+json\" class=\"yoast-schema-graph\">{\"@context\":\"https:\/\/schema.org\",\"@graph\":[{\"@type\":\"WebPage\",\"@id\":\"http:\/\/winwinbet.games\/argentina\/promo-code\/\",\"url\":\"http:\/\/winwinbet.games\/argentina\/promo-code\/\",\"name\":\"C\u00f3digos promocionales de WinWin Bet 2026 \u2014 Activar bonificaciones y promociones\",\"isPartOf\":{\"@id\":\"http:\/\/winwinbet.games\/argentina\/#website\"},\"datePublished\":\"2026-04-10T14:48:54+00:00\",\"dateModified\":\"2026-05-08T20:38:29+00:00\",\"description\":\"Canjea los c\u00f3digos promocionales de WinWin Bet Argentina: bonos exclusivos, bonificaciones por dep\u00f3sito, reembolsos por p\u00e9rdidas y regalos para jugadores seleccionados. Una estrategia ganadora a largo plazo para las tragamonedas y el casino en vivo. \u00a1Aprovecha tus ofertas ahora para disfrutar de una experiencia de juego rentable!\",\"breadcrumb\":{\"@id\":\"http:\/\/winwinbet.games\/argentina\/promo-code\/#breadcrumb\"},\"inLanguage\":\"es-AR\",\"potentialAction\":[{\"@type\":\"ReadAction\",\"target\":[\"http:\/\/winwinbet.games\/argentina\/promo-code\/\"]}]},{\"@type\":\"BreadcrumbList\",\"@id\":\"http:\/\/winwinbet.games\/argentina\/promo-code\/#breadcrumb\",\"itemListElement\":[{\"@type\":\"ListItem\",\"position\":1,\"name\":\"Home\",\"item\":\"http:\/\/winwinbet.games\/argentina\/\"},{\"@type\":\"ListItem\",\"position\":2,\"name\":\"C\u00f3digo promocional\"}]},{\"@type\":\"WebSite\",\"@id\":\"http:\/\/winwinbet.games\/argentina\/#website\",\"url\":\"http:\/\/winwinbet.games\/argentina\/\",\"name\":\"Winwinbet Games AR\",\"description\":\"My WordPress Blog\",\"potentialAction\":[{\"@type\":\"SearchAction\",\"target\":{\"@type\":\"EntryPoint\",\"urlTemplate\":\"http:\/\/winwinbet.games\/argentina\/?s={search_term_string}\"},\"query-input\":{\"@type\":\"PropertyValueSpecification\",\"valueRequired\":true,\"valueName\":\"search_term_string\"}}],\"inLanguage\":\"es-AR\"}]}<\/script>\n<!-- \/ Yoast SEO plugin. -->","yoast_head_json":{"title":"C\u00f3digos promocionales de WinWin Bet 2026 \u2014 Activar bonificaciones y promociones","description":"Canjea los c\u00f3digos promocionales de WinWin Bet Argentina: bonos exclusivos, bonificaciones por dep\u00f3sito, reembolsos por p\u00e9rdidas y regalos para jugadores seleccionados. Una estrategia ganadora a largo plazo para las tragamonedas y el casino en vivo. \u00a1Aprovecha tus ofertas ahora para disfrutar de una experiencia de juego rentable!","robots":{"index":"index","follow":"follow","max-snippet":"max-snippet:-1","max-image-preview":"max-image-preview:large","max-video-preview":"max-video-preview:-1"},"og_locale":"es_ES","og_type":"article","og_title":"C\u00f3digos promocionales de WinWin Bet 2026 \u2014 Activar bonificaciones y promociones","og_description":"Canjea los c\u00f3digos promocionales de WinWin Bet Argentina: bonos exclusivos, bonificaciones por dep\u00f3sito, reembolsos por p\u00e9rdidas y regalos para jugadores seleccionados. Una estrategia ganadora a largo plazo para las tragamonedas y el casino en vivo. \u00a1Aprovecha tus ofertas ahora para disfrutar de una experiencia de juego rentable!","og_url":"http:\/\/winwinbet.games\/argentina\/promo-code\/","og_site_name":"Winwinbet Games AR","article_modified_time":"2026-05-08T20:38:29+00:00","twitter_card":"summary_large_image","schema":{"@context":"https:\/\/schema.org","@graph":[{"@type":"WebPage","@id":"http:\/\/winwinbet.games\/argentina\/promo-code\/","url":"http:\/\/winwinbet.games\/argentina\/promo-code\/","name":"C\u00f3digos promocionales de WinWin Bet 2026 \u2014 Activar bonificaciones y promociones","isPartOf":{"@id":"http:\/\/winwinbet.games\/argentina\/#website"},"datePublished":"2026-04-10T14:48:54+00:00","dateModified":"2026-05-08T20:38:29+00:00","description":"Canjea los c\u00f3digos promocionales de WinWin Bet Argentina: bonos exclusivos, bonificaciones por dep\u00f3sito, reembolsos por p\u00e9rdidas y regalos para jugadores seleccionados. Una estrategia ganadora a largo plazo para las tragamonedas y el casino en vivo. \u00a1Aprovecha tus ofertas ahora para disfrutar de una experiencia de juego rentable!","breadcrumb":{"@id":"http:\/\/winwinbet.games\/argentina\/promo-code\/#breadcrumb"},"inLanguage":"es-AR","potentialAction":[{"@type":"ReadAction","target":["http:\/\/winwinbet.games\/argentina\/promo-code\/"]}]},{"@type":"BreadcrumbList","@id":"http:\/\/winwinbet.games\/argentina\/promo-code\/#breadcrumb","itemListElement":[{"@type":"ListItem","position":1,"name":"Home","item":"http:\/\/winwinbet.games\/argentina\/"},{"@type":"ListItem","position":2,"name":"C\u00f3digo promocional"}]},{"@type":"WebSite","@id":"http:\/\/winwinbet.games\/argentina\/#website","url":"http:\/\/winwinbet.games\/argentina\/","name":"Winwinbet Games AR","description":"My WordPress Blog","potentialAction":[{"@type":"SearchAction","target":{"@type":"EntryPoint","urlTemplate":"http:\/\/winwinbet.games\/argentina\/?s={search_term_string}"},"query-input":{"@type":"PropertyValueSpecification","valueRequired":true,"valueName":"search_term_string"}}],"inLanguage":"es-AR"}]}},"_links":{"self":[{"href":"http:\/\/winwinbet.games\/argentina\/wp-json\/wp\/v2\/pages\/364","targetHints":{"allow":["GET"]}}],"collection":[{"href":"http:\/\/winwinbet.games\/argentina\/wp-json\/wp\/v2\/pages"}],"about":[{"href":"http:\/\/winwinbet.games\/argentina\/wp-json\/wp\/v2\/types\/page"}],"author":[{"embeddable":true,"href":"http:\/\/winwinbet.games\/argentina\/wp-json\/wp\/v2\/users\/1"}],"replies":[{"embeddable":true,"href":"http:\/\/winwinbet.games\/argentina\/wp-json\/wp\/v2\/comments?post=364"}],"version-history":[{"count":5,"href":"http:\/\/winwinbet.games\/argentina\/wp-json\/wp\/v2\/pages\/364\/revisions"}],"predecessor-version":[{"id":471,"href":"http:\/\/winwinbet.games\/argentina\/wp-json\/wp\/v2\/pages\/364\/revisions\/471"}],"wp:attachment":[{"href":"http:\/\/winwinbet.games\/argentina\/wp-json\/wp\/v2\/media?parent=364"}],"curies":[{"name":"wp","href":"https:\/\/api.w.org\/{rel}","templated":true}]}}